ivided by 11?
8
What is the remainder when 11336 is divided by 3776?
8
What is the remainder when 37 is divided by 36?
1
Calculate the remainder when 46 is divided by 26.
20
Calculate the remainder when 472 is divided by 115.
12
What is the remainder when 312 is divided by 52?
0
What is the remainder when 132 is divided by 23?
17
Calculate the remainder when 2241 is divided by 23.
10
Calculate the remainder when 158 is divided by 53.
52
Calculate the remainder when 2263 is divided by 379.
368
Calculate the remainder when 851 is divided by 144.
131
Calculate the remainder when 89 is divided by 23.
20
What is the remainder when 3027 is divided by 15?
12
What is the remainder when 864 is divided by 86?
4
Calculate the remainder when 120 is divided by 49.
22
What is the remainder when 815 is divided by 24?
23
What is the remainder when 537 is divided by 108?
105
Calculate the remainder when 313 is divided by 160.
153
What is the remainder when 1649 is divided by 6?
5
Calculate the remainder when 23938 is divided by 133.
131
Calculate the remainder when 421 is divided by 53.
50
What is the remainder when 1065 is divided by 21?
15
What is the remainder when 354 is divided by 33?
24
What is the remainder when 112 is divided by 17?
10
Calculate the remainder when 493 is divided by 51.
34
What is the remainder when 247 is divided by 25?
22
Calculate the remainder when 437 is divided by 74.
67
Calculate the remainder when 493 is divided by 15.
13
What is the remainder when 1086 is divided by 111?
87
Calculate the remainder when 341 is divided by 171.
170
Calculate the remainder when 100 is divided by 35.
30
Calculate the remainder when 321 is divided by 61.
16
What is the remainder when 190 is divided by 11?
3
What is the remainder when 27 is divided by 12?
3
What is the remainder when 1626 is divided by 70?
16
What is the remainder when 1837 is divided by 918?
1
Calculate the remainder when 968 is divided by 60.
8
What is the remainder when 167 is divided by 57?
53
What is the remainder when 331 is divided by 71?
47
Calculate the remainder when 3115 is divided by 240.
235
What is the remainder when 204 is divided by 89?
26
What is the remainder when 6439 is divided by 35?
34
Calculate the remainder when 6558 is divided by 1636.
14
Calculate the remainder when 236 is divided by 12.
8
What is the remainder when 204 is divided by 66?
6
What is the remainder when 2505 is divided by 56?
41
What is the remainder when 9651 is divided by 3211?
18
Calculate the remainder when 493 is divided by 198.
97
Calculate the remainder when 636 is divided by 63.
6
Calculate the remainder when 91 is divided by 16.
11
What is the remainder when 125 is divided by 43?
39
What is the remainder when 154 is divided by 46?
16
What is the remainder when 2434 is divided by 21?
19
Calculate the remainder when 17 is divided by 14.
3
Calculate the remainder when 1664 is divided by 98.
96
What is the remainder when 95 is divided by 54?
41
What is the remainder when 1603 is divided by 515?
58
What is the remainder when 193 is divided by 54?
31
What is the remainder when 1169 is divided by 576?
17
What is the remainder when 13968 is divided by 127?
125
Calculate the remainder when 31 is divided by 6.
1
What is the remainder when 430 is divided by 27?
25
Calculate the remainder when 153 is divided by 32.
25
Calculate the remainder when 562 is divided by 31.
4
What is the remainder when 1015 is divided by 77?
14
Calculate the remainder when 4316 is divided by 12.
8
Calculate the remainder when 1297 is divided by 117.
10
What is the remainder when 16380 is divided by 78?
0
What is the remainder when 74 is divided by 44?
30
What is the remainder when 695 is divided by 22?
13
Calculate the remainder when 775 is divided by 85.
10
What is the remainder when 30 is divided by 8?
6
Calculate the remainder when 75 is divided by 40.
35
Calculate the remainder when 2445 is divided by 68.
65
What is the remainder when 117 is divided by 65?
52
Calculate the remainder when 2535 is divided by 59.
57
Calculate the remainder when 1220 is divided by 175.
170
Calculate the remainder when 706 is divided by 21.
13
What is the remainder when 480 is divided by 157?
9
What is the remainder when 198 is divided by 102?
96
What is the remainder when 525 is divided by 20?
5
Calculate the remainder when 890 is divided by 33.
32
Calculate the remainder when 608 is divided by 84.
20
Calculate the remainder when 3598 is divided by 48.
46
Calculate the remainder when 286 is divided by 73.
67
What is the remainder when 1769 is divided by 317?
184
Calculate the remainder when 47 is divided by 27.
20
Calculate the remainder when 1538 is divided by 23.
20
Calculate the remainder when 158 is divided by 80.
78
Calculate the remainder when 1359 is divided by 170.
169
Calculate the remainder when 2554 is divided by 17.
4
What is the remainder when 629 is divided by 124?
9
What is the remainder when 236 is divided by 114?
8
What is the remainder when 11360 is divided by 26?
24
Calculate the remainder when 181 is divided by 8.
5
Calculate the remainder when 3167 is divided by 167.
161
Calculate the remainder when 104 is divided by 9.
5
What is the remainder when 296 is divided by 133?
30
What is the remainder when 794 is divided by 40?
34
Calculate the remainder when 1908 is divided by 147.
144
What is the remainder when 208 is divided by 21?
19
Calculate the remainder when 355 is divided by 17.
15
What is the remainder when 354 is divided by 91?
81
Calculate the remainder when 265 is divided by 7.
6
What is the remainder when 13309 is divided by 110?
109
Calculate the remainder when 1379 is divided by 82.
67
Calculate the remainder when 160 is divided by 54.
52
Calculate the remainder when 15230 is divided by 64.
62
Calculate the remainder when 307 is divided by 165.
142
What is the remainder when 23 is divided by 14?
9
What is the remainder when 291 is divided by 94?
9
Calculate the remainder when 207 is divided by 21.
18
What is the remainder when 4526 is divided by 4506?
20
What is the remainder when 592 is divided by 66?
64
Calculate the remainder when 708 is divided by 171.
24
What is the remainder when 123 is divided by 39?
6
Calculate the remainder when 188 is divided by 95.
93
Calculate the remainder when 625 is divided by 164.
133
Calculate the remainder when 316 is divided by 55.
41
What is the remainder when 164 is divided by 54?
2
What is the remainder when 54 is divided by 15?
9
Calculate the remainder when 3705 is divided by 109.
108
What is the remainder when 7 is divided by 6?
1
What is the remainder when 181 is divided by 40?
21
Calculate the remainder when 512 is divided by 98.
22
Calculate the remainder when 160 is divided by 9.
7
Calculate the remainder when 128 is divided by 65.
63
Calculate the remainder when 1166 is divided by 13.
9
Calculate the remainder when 165 is divided by 61.
43
Calculate the remainder when 32 is divided by 13.
6
Calculate the remainder when 83 is divided by 53.
30
What is the remainder when 1182 is divided by 237?
234
Calculate the remainder when 191 is divided by 6.
5
Calculate the remainder when 625 is divided by 430.
195
What is the remainder when 476 is divided by 48?
44
What is the remainder when 124 is divided by 124?
0
What is the remainder when 360 is divided by 71?
5
Calculate the remainder when 509 is divided by 32.
29
What is the remainder when 468 is divided by 47?
45
What is the remainder when 601 is divided by 175?
76
What is the remainder when 88 is divided by 32?
24
What is the remainder when 167 is divided by 94?
73
What is the remainder when 23 is divided by 8?
7
What is the remainder when 1021 is divided by 64?
61
What is the remainder when 118 is divided by 17?
16
What is the remainder when 3063 is divided by 33?
27
What is the remainder when 84 is divided by 18?
12
What is the remainder when 107 is divided by 26?
3
Calculate the remainder when 216 is divided by 115.
101
Calculate the remainder when 132 is divided by 35.
27
What is the remainder when 2196 is divided by 25?
21
What is the remainder when 557 is divided by 106?
27
What is the remainder when 2283 is divided by 34?
5
What is the remainder when 91 is divided by 38?
15
Calculate the remainder when 4